{"id":1051,"date":"2024-08-01T15:21:30","date_gmt":"2024-08-01T13:21:30","guid":{"rendered":"https:\/\/react-culture.eu\/get-equipped\/niepelnosprawnosc-i-integracja-materialy-dla-programow-studiow-muzealnych\/"},"modified":"2024-08-01T15:21:30","modified_gmt":"2024-08-01T13:21:30","slug":"niepelnosprawnosc-i-integracja-materialy-dla-programow-studiow-muzealnych","status":"publish","type":"toolbox","link":"https:\/\/react-culture.eu\/pl\/wyposaz-sie\/niepelnosprawnosc-i-integracja-materialy-dla-programow-studiow-muzealnych\/","title":{"rendered":"Niepe\u0142nosprawno\u015b\u0107 i integracja &#8211; materia\u0142y dla program\u00f3w studi\u00f3w muzealnych"},"featured_media":0,"template":"","meta":{"_acf_changed":false,"_et_pb_use_builder":"","_et_pb_old_content":"","_et_gb_content_width":""},"tool_category":[33],"class_list":["post-1051","toolbox","type-toolbox","status-publish","hentry","tool_category-narzedzie"],"acf":[],"_links":{"self":[{"href":"https:\/\/react-culture.eu\/pl\/wp-json\/wp\/v2\/toolbox\/1051","targetHints":{"allow":["GET"]}}],"collection":[{"href":"https:\/\/react-culture.eu\/pl\/wp-json\/wp\/v2\/toolbox"}],"about":[{"href":"https:\/\/react-culture.eu\/pl\/wp-json\/wp\/v2\/types\/toolbox"}],"wp:attachment":[{"href":"https:\/\/react-culture.eu\/pl\/wp-json\/wp\/v2\/media?parent=1051"}],"wp:term":[{"taxonomy":"tool_category","embeddable":true,"href":"https:\/\/react-culture.eu\/pl\/wp-json\/wp\/v2\/tool_category?post=1051"}],"curies":[{"name":"wp","href":"https:\/\/api.w.org\/{rel}","templated":true}]}}

Niepełnosprawność i integracja &#8211; materiały dla programów studiów muzealnych
